 common factor of 8 and j.
8
Suppose -3*l + 25 + 41 = 0. Let a be (-3 - 1)/(-4) + 241. What is the greatest common divisor of a and l?
22
Suppose -4*m - 6*a = -a - 714, 8 = 4*a. What is the greatest common factor of 16 and m?
16
Let g = 365 - 133. Calculate the highest common divisor of g and 29.
29
Let j be -1 + 0/3 + 2. Let y be 6 - (j - 2) - 2. What is the greatest common divisor of y and 5?
5
Let u(r) = -4*r + 2. Let x(l) = l + 1. Let p(i) = u(i) + 3*x(i). Let k be p(-11). Calculate the highest common divisor of k and 64.
16
Let g(m) = m**2 - 8*m - 5. Let b be g(9). Let k(v) = v**2 - 4*v - 17. Let i be k(7). What is the highest common factor of b and i?
4
Let p(h) = 2*h**3 - h**3 + 1 - 5 - 6*h**2 + 3. Let w = -1 - -8. Let d be p(w). What is the greatest common divisor of 12 and d?
12
Suppose -3*j - 2*w = -w + 2, 4*j + 3*w = 4. Let n(y) = -3*y - 5*y - 1 + 4*y. Let z be n(j). What is the highest common factor of 28 and z?
7
Let p be (396/(-77))/(2/(-14)). What is the highest common factor of 12 and p?
12
Let f(i) = -i**2 + 8*i + 3. Let l be f(7). Let c(g) = -2*g + g - 4*g. Let s be c(-5). Calculate the greatest common factor of l and s.
5
Let u = 19 - -1. Suppose 4*m - 3*j = 23, -31*j - 9 = -2*m - 32*j. Calculate the greatest common factor of u and m.
5
Let f = 5 - 2. Let v(t) = t**2 - 7*t + 2. Let q be v(7). Suppose 4*p = -m + 3*p + 25, -q*m = 5*p - 53. What is the greatest common factor of m and f?
3
Let h = -49 + -85. Let z = 194 + h. Calculate the greatest common factor of 15 and z.
15
Suppose 0 = -b + 6 + 18. What is the greatest common divisor of 3 and b?
3
Let c = 35 + -11. Suppose 26 = 2*u - c. What is the highest common factor of u and 5?
5
Suppose -5*h + 560 = 9*h. Calculate the highest common factor of 40 and h.
40
Let n be 1*(4/(-10) + 776/40). What is the highest common factor of 57 and n?
19
Suppose -42 = -5*a + 33. What is the highest common divisor of 10 and a?
5
Let c(o) = 3*o**3 - 2*o - 1. Let g be c(-1). Let v(f) = f**2 + 1. Let y be v(g). What is the greatest common divisor of 25 and y?
5
Let v(p) = 13*p**3 - 4*p**2 + 3*p - 2. Let y be v(2). Let n = y - 65. Calculate the greatest common factor of 9 and n.
9
Suppose 2*l - 210 = 5*a, -199 = -2*l + 3*a + 19. What is the highest common divisor of l and 46?
23
Let f = -3 + 17. Calculate the greatest common factor of 98 and f.
14
Let p(n) = -n**2 - n + 2. Let h be p(-2). Let f = h + 1. What is the highest common factor of 9 and f?
1
Let a(n) = -n**2 - 5*n + 10. Let f be a(-7). Let z be 3/((0 - f)/12). What is the greatest common factor of z and 1?
1
Suppose 0 = i - 0 - 2. Let l be 4 + 9 + i*-1. What is the greatest common divisor of 11 and l?
11
Suppose 0 = d + 1, 3*d = 2*z - 0*z - 5. Suppose -4*o = 5*u - 138 - 25, 3*o = 2*u - 56. Suppose z - u = -2*w. What is the highest common factor of 135 and w?
15
Let p(r) = -3*r - 1. Let s be p(-15). Let n(l) be the first derivative of 7*l**2/2 - 3*l - 1. Let z be n(2). What is the greatest common factor of z and s?
11
Suppose -5*r + 149 = -201. What is the greatest common divisor of r and 14?
14
Let c = -7 - -7. Let y be c - (-5 - 6/3). Let k be 5*2*(-4 + y). Calculate the greatest common factor of k and 3.
3
Suppose 5*x - 223 = 37. Calculate the greatest common factor of 39 and x.
13
Let c be (-2)/6 + (-57)/(-9). Suppose 2*u = -n + 6*u + 52, -5*u - 245 = -5*n. What is the greatest common factor of n and c?
6
Let c be 36/4 + -8 - (1 + -5). Let d be 1 + 3*(14 - 1). What is the highest common divisor of c and d?
5
Let s = -112 + 245. What is the greatest common divisor of s and 19?
19
Suppose -l + 27 - 7 = 0. Calculate the greatest common divisor of l and 4.
4
Let b = -400 + 276. Let w = b - -204. Let y(l) = -l**3 + 9*l**2 - 8*l - 10. Let r be y(7). What is the highest common divisor of r and w?
16
Suppose -2*i - 6 + 22 = 0. What is the highest common factor of 8 and i?
8
Let c(t) = -t**3 - 16*t**2 - 16*t - 3. Let s be c(-15). Suppose -s*p = -11*p - 76. What is the highest common factor of p and 19?
19
Let p(h) = -8*h**2 - 5*h + h**2 + 8*h**2. Let x be p(7). Calculate the greatest common factor of 14 and x.
14
Let u be (27/(-1))/(1/(-1)). Let b = u - 16. What is the greatest common factor of b and 22?
11
Let a be (11 + 2)/((-4)/(-16)). Let w = a + -36. Suppose 0 = -2*l + 9 - 1. What is the greatest common divisor of l and w?
4
Let r = -14 - -42. Suppose -5*q + 7 = -13. What is the greatest common divisor of q and r?
4
Let q(t) = t**2 - 6*t + 4. Let z be q(7). Suppose -4*g + 430 = 78. Calculate the highest common divisor of g and z.
11
Let k = -50 + 66. What is the greatest common divisor of k and 144?
16
Let t be -1 + ((-2)/(-3))/(2/21). Calculate the highest common factor of 8 and t.
2
Suppose b + 3*b - 80 = 0. Let n = -10 + b. Let q be 83/2 - 15/n. What is the greatest common divisor of q and 10?
10
Let f(o) = -6*o**3 + 5*o - 4. Let r be f(-3). What is the greatest common divisor of 13 and r?
13
Let k(u) = 6*u - 1. Let j be k(1). Suppose -f + 38 = j*z - 139, -5*f + 150 = 4*z. Calculate the highest common factor of 7 and z.
7
Suppose 5*g + 44 = 4*f, -2*g - f = -3*f + 18. Let x be -14*(-2)/g*-6. What is the greatest common factor of x and 14?
7
Suppose 2404 + 236 = -4*p. Let v be (-2)/(-3)*p/(-8). What is the highest common divisor of v and 11?
11
Let y be (-6*(-100)/16)/(1/2). Calculate the greatest common factor of y and 25.
25
Let b be (-4)/(-2) + 17/1. Suppose -4*h + 2*z = -42 - 10, -h - 5 = 4*z. Suppose h = q - 46. Calculate the highest common divisor of q and b.
19
Suppose 0 = 2*p + 5*p + 21. Let a be 14/p*(-270)/21. Calculate the greatest common divisor of a and 24.
12
Let v = -23 + 63. Suppose -4*m - 3*r + 84 = -2*r, -5*m - 4*r = -116. Calculate the highest common factor of m and v.
20
Let h be (36/5)/(3/15). Let c(m) be the third derivative of m**5/60 + m**4/6 + m**3 - m**2. Let k be c(-6). Calculate the greatest common factor of k and h.
18
Let g be 39 + 6/4*-2. Let m = 0 + 4. Suppose 2*j - 4*s = -0*s, m*j - 3*s - 10 = 0. What is the highest common divisor of g and j?
4
Suppose 4*f - 34 = 2*f. Let h = -8 + f. Calculate the greatest common factor of h and 72.
9
Suppose 9 = 2*z + v, 12 = -z + v + 4*v. Let a be 3*(-2)/(-6)*z. Calculate the greatest common factor of 33 and a.
3
Let v = 22 + -18. Let x(s) = s**2 - 4*s + 10. Let i be x(v). Calculate the highest common factor of 50 and i.
10
Let q = -129 - -141. What is the highest common factor of q and 48?
12
Suppose -3*x = 2*g - 175, -1 - 1 = -g. Let c(s) = 4*s - 5. Suppose a = -a + 12. Let r be c(a). Calculate the highest common divisor of r and x.
19
Let r = 0 - -3. Let u be r + 1/(-1) + 12. Let j(q) = -q**3 + q**2 + 4*q - 4. Let m be j(-5). Calculate the greatest common factor of u and m.
14
Let c(i) = 4*i**2 + i. Let p = -4 + 3. Let b be c(p). Suppose 0*v - 260 = -b*v - 5*f, -2*f = 3*v - 248. Calculate the greatest common factor of 8 and v.
8
Let l be 117 - 1 - (0 + -2). Suppose l = h + 8. What is the highest common factor of 44 and h?
22
Suppose 4*f = 67 + 65. Suppose x - 34 = -2*x + n, 2*n = -4*x + 42. Calculate the highest common factor of f and x.
11
Let r(x) = x**3 + 12*x**2 + 10*x - 6. Let a be r(-11). Calculate the greatest common divisor of a and 45.
5
Let b be 0/((-3)/3) - -98. Calculate the greatest common divisor of 14 and b.
14
Let k(i) be the third derivative of i**6/120 - 2*i**5/15 + i**4/12 - 2*i**2. Let g be k(8). What is the greatest common divisor of 24 and g?
8
Suppose -9*f = 13*f - 374. Calculate the highest common divisor of 17 and f.
17
Let t = -16 - -28. Calculate the highest common divisor of 84 and t.
12
Let r = 89 - 70. What is the greatest common divisor of r and 38?
19
Let y = -33 - -96. What is the highest common divisor of 21 and y?
21
Suppose 3*c + g = 9, 4*g = 5*g. Calculate the highest common factor of 24 and c.
3
Suppose -3*i + 7 + 8 = 0. Calculate the highest common factor of 55 and i.
5
Suppose -27 = -3*x + 24. Calculate the greatest common factor of 153 and x.
17
Let k(v) = v**3 - 5*v**2 - 10*v + 4. Let s be k(7). Calculate the greatest common divisor of 8 and s.
8
Let h be (56/12 - 0)*54/4. Calculate the greatest common factor of 42 and h.
21
Suppose m = -4*m + 60. Let c be (m/(-15))/((-4)/10). Let k be (4/6)/(c/36). Calculate the highes